{"id":13756,"date":"2024-04-13T22:38:44","date_gmt":"2024-04-14T03:38:44","guid":{"rendered":"https:\/\/ccunisur.com\/web_nueva_version\/?page_id=13756"},"modified":"2026-01-10T15:44:47","modified_gmt":"2026-01-10T20:44:47","slug":"ley-1116","status":"publish","type":"page","link":"https:\/\/www.ccunisur.com\/index.php\/ley-1116\/","title":{"rendered":"Ley 1116"},"content":{"rendered":"<div id=\"cmsmasters_row_6f8b89558f\" class=\"cmsmasters_row cmsmasters_color_scheme_default cmsmasters_row_top_default cmsmasters_row_bot_default cmsmasters_row_boxed\">\n<div class=\"cmsmasters_row_outer_parent\">\n<div class=\"cmsmasters_row_outer\">\n<div class=\"cmsmasters_row_inner\">\n<div class=\"cmsmasters_row_margin\">\n<div class=\"cmsmasters_column one_first\">\n<div id=\"cmsmasters_heading_f83df95e7f\" class=\"cmsmasters_heading_wrap cmsmasters_heading_align_center\">\n\t<h1 class=\"cmsmasters_heading\">Ley 1116<\/h1>\n<\/div>\n<\/div>\n<\/div>\n<\/div>\n<\/div>\n<\/div>\n<\/div>\n<div id=\"cmsmasters_row_v8m9sx7hws\" class=\"cmsmasters_row cmsmasters_color_scheme_default cmsmasters_row_top_default cmsmasters_row_bot_zigzag cmsmasters_row_boxed\">\n<div class=\"cmsmasters_row_outer_parent\">\n<div class=\"cmsmasters_row_outer\">\n<div class=\"cmsmasters_row_inner\">\n<div class=\"cmsmasters_row_margin\">\n<div class=\"cmsmasters_column one_third\">\n<div id=\"cmsmasters_icon_\" class=\"cmsmasters_icon_wrap\"><span class=\"cmsmasters_simple_icon cmsmasters-icon-paste\"><\/span><\/div>\n<div id=\"cmsmasters_heading_\" class=\"cmsmasters_heading_wrap cmsmasters_heading_align_center\">\n\t<h2 class=\"cmsmasters_heading\">Notificaci\u00f3n proceso<\/h2>\n<\/div><div class=\"cmsmasters_text\">\n<p style=\"text-align: center;\">Consulte la Notificaci\u00f3n Proceso de Reorganizaci\u00f3n \/ Ley 1116 de 2006 \/ Centro<br \/>\nComercial Unisur PH<\/p>\n<\/div>\n<div id=\"cmsmasters_button_\" class=\"button_wrap\"><a href=\"https:\/\/ccunisur.com\/wp-content\/uploads\/2024\/04\/MODELO-AVISO-EMISION-ACREEDORES.pdf\" class=\"cmsmasters_button\" target=\"_blank\"><span>Ver<\/span><\/a><\/div>\n<div id=\"cmsmasters_divider_64pgtj8qtq\" class=\"cl\"><\/div>\n<div id=\"cmsmasters_icon_\" class=\"cmsmasters_icon_wrap\"><span class=\"cmsmasters_simple_icon cmsmasters-icon-ok\"><\/span><\/div>\n<div id=\"cmsmasters_heading_\" class=\"cmsmasters_heading_wrap cmsmasters_heading_align_center\">\n\t<h2 class=\"cmsmasters_heading\">Calificaci\u00f3n y graduaci\u00f3n<\/h2>\n<\/div><div class=\"cmsmasters_text\">\n<p style=\"text-align: center;\">Consulte la graduaci\u00f3n y calificaci\u00f3n de cr\u00e9ditos del Centro<br \/>\nComercial Unisur PH.<\/p>\n<\/div>\n<div id=\"cmsmasters_button_\" class=\"button_wrap\"><a href=\"https:\/\/ccunisur.com\/wp-content\/uploads\/2024\/04\/Calificacionygraduacion.png\" class=\"cmsmasters_button\" target=\"_blank\"><span>Ver<\/span><\/a><\/div>\n<\/div>\n<div class=\"cmsmasters_column one_third\">\n<div id=\"cmsmasters_icon_\" class=\"cmsmasters_icon_wrap\"><span class=\"cmsmasters_simple_icon cmsmasters-icon-doc-text-inv\"><\/span><\/div>\n<div id=\"cmsmasters_heading_\" class=\"cmsmasters_heading_wrap cmsmasters_heading_align_center\">\n\t<h2 class=\"cmsmasters_heading\">Estados Financieros<\/h2>\n<\/div><div class=\"cmsmasters_text\">\n<p style=\"text-align: center;\">Consulte los estados financieros del Centro<br \/>\nComercial Unisur PH<\/p>\n<\/div>\n<div id=\"cmsmasters_button_\" class=\"button_wrap\"><a href=\"https:\/\/ccunisur.com\/wp-content\/uploads\/2024\/04\/ESTADOS-FINANCIEROS-CONSOLIDADOS-A-DICIEMBRE-31-DE-2022-Y-DICIEMBRE-2021.pdf\" class=\"cmsmasters_button\" target=\"_blank\"><span>Ver EF 1<\/span><\/a><\/div>\n<div id=\"cmsmasters_button_\" class=\"button_wrap\"><a href=\"https:\/\/www.ccunisur.com\/wp-content\/uploads\/2024\/08\/1.-ESTADOS-FINANCIEROS-PRIMER-TRIMESTRE-2023.pdf\" class=\"cmsmasters_button\" target=\"_blank\"><span>Primer trimestre 2023<\/span><\/a><\/div>\n<div id=\"cmsmasters_button_\" class=\"button_wrap\"><a href=\"https:\/\/www.ccunisur.com\/wp-content\/uploads\/2024\/08\/2.-ESTADOS-FINANCIEROS-SEGUNDO-TRIMESTRE-2023.pdf\" class=\"cmsmasters_button\" target=\"_blank\"><span>Segundo trimestre 2023<\/span><\/a><\/div>\n<div id=\"cmsmasters_button_\" class=\"button_wrap\"><a href=\"https:\/\/www.ccunisur.com\/wp-content\/uploads\/2024\/08\/3.-ESTADOS-FINANCIEROS-TERCER-TRIMESTRE-2023.pdf\" class=\"cmsmasters_button\" target=\"_blank\"><span>Tercer trimestre 2023<\/span><\/a><\/div>\n<div id=\"cmsmasters_button_\" class=\"button_wrap\"><a href=\"https:\/\/www.ccunisur.com\/wp-content\/uploads\/2024\/08\/4.-ESTADOS-FINANCIEROS-CUARTO-TRIMESTRE-2023.pdf\" class=\"cmsmasters_button\" target=\"_blank\"><span>Cuarto trimestre 2023<\/span><\/a><\/div>\n<div id=\"cmsmasters_button_\" class=\"button_wrap\"><a href=\"https:\/\/www.ccunisur.com\/wp-content\/uploads\/2024\/08\/ESTADOS-FINANCIEROS-PRIMER-TRIMESTRE-2024.pdf\" class=\"cmsmasters_button\" target=\"_blank\"><span>Primer trimestre 2024<\/span><\/a><\/div>\n<div id=\"cmsmasters_button_\" class=\"button_wrap\"><a href=\"https:\/\/www.ccunisur.com\/wp-content\/uploads\/2024\/08\/ESTADOS-FINANCIEROS-SEGUNDO-TRIMESTRE-2024.pdf\" class=\"cmsmasters_button\" target=\"_blank\"><span>Segundo trimestre 2024<\/span><\/a><\/div>\n<div id=\"cmsmasters_button_\" class=\"button_wrap\"><a href=\"https:\/\/www.ccunisur.com\/wp-content\/uploads\/2026\/01\/TERCER-TRIMESTRE-2024.pdf\" class=\"cmsmasters_button\" target=\"_blank\"><span>Tercer trimestre 2024<\/span><\/a><\/div>\n<div id=\"cmsmasters_button_\" class=\"button_wrap\"><a href=\"https:\/\/www.ccunisur.com\/wp-content\/uploads\/2026\/01\/CUARTO-TRIMESTRE-2024.pdf\" class=\"cmsmasters_button\" target=\"_blank\"><span>Cuarto trimestre 2024<\/span><\/a><\/div>\n<div id=\"cmsmasters_button_\" class=\"button_wrap\"><a href=\"https:\/\/www.ccunisur.com\/wp-content\/uploads\/2026\/01\/PRIMER-TRIMESTRE-2025.pdf\" class=\"cmsmasters_button\" target=\"_blank\"><span>Primer trimestre 2025<\/span><\/a><\/div>\n<div id=\"cmsmasters_button_\" class=\"button_wrap\"><a href=\"https:\/\/www.ccunisur.com\/wp-content\/uploads\/2026\/01\/SEGUNDO-TRIMESTRE-2025.pdf\" class=\"cmsmasters_button\" target=\"_blank\"><span>Segundo trimestre 2025<\/span><\/a><\/div>\n<div id=\"cmsmasters_button_\" class=\"button_wrap\"><a href=\"https:\/\/www.ccunisur.com\/wp-content\/uploads\/2026\/01\/TERCER-TRIMESTRE-2025.pdf\" class=\"cmsmasters_button\" target=\"_blank\"><span>Tercer trimestre 2025<\/span><\/a><\/div>\n<div id=\"cmsmasters_button_\" class=\"button_wrap\"><a href=\"https:\/\/www.ccunisur.com\/wp-content\/uploads\/2026\/01\/OCTUBRE-Y-NOVIEMBRE-2025.pdf\" class=\"cmsmasters_button\" target=\"_blank\"><span>Cuarto trimestre 2025<\/span><\/a><\/div>\n<div id=\"cmsmasters_divider_7ns544d7h\" class=\"cl\"><\/div>\n<div id=\"cmsmasters_icon_\" class=\"cmsmasters_icon_wrap\"><span class=\"cmsmasters_simple_icon cmsmasters-icon-megaphone\"><\/span><\/div>\n<div id=\"cmsmasters_heading_\" class=\"cmsmasters_heading_wrap cmsmasters_heading_align_center\">\n\t<h2 class=\"cmsmasters_heading\">Convocatoria<\/h2>\n<\/div><div class=\"cmsmasters_text\">\n<p style=\"text-align: center;\">Convocatoria audiencia reorganizaci\u00f3n<\/p>\n<\/div>\n<div id=\"cmsmasters_button_\" class=\"button_wrap\"><a href=\"https:\/\/www.ccunisur.com\/wp-content\/uploads\/2024\/07\/0216Auto-Convoca-Audiencia-Art-30-Le-y-1116.pdf\" class=\"cmsmasters_button\" target=\"_blank\"><span>Ver<\/span><\/a><\/div>\n<\/div>\n<div class=\"cmsmasters_column one_third\">\n<div id=\"cmsmasters_icon_\" class=\"cmsmasters_icon_wrap\"><span class=\"cmsmasters_simple_icon cmsmasters-icon-building\"><\/span><\/div>\n<div id=\"cmsmasters_heading_\" class=\"cmsmasters_heading_wrap cmsmasters_heading_align_center\">\n\t<h2 class=\"cmsmasters_heading\">Activos fijos<\/h2>\n<\/div><div class=\"cmsmasters_text\">\n<p style=\"text-align: center;\">Consulte los activos fijos del Centro<br \/>\nComercial Unisur PH.<\/p>\n<\/div>\n<div id=\"cmsmasters_button_\" class=\"button_wrap\"><a href=\"https:\/\/ccunisur.com\/wp-content\/uploads\/2024\/04\/ACTIVOS-UNISUR-10-01-2022_share.pdf\" class=\"cmsmasters_button\" target=\"_blank\"><span>Ver<\/span><\/a><\/div>\n<div id=\"cmsmasters_divider_mfd0w3leed\" class=\"cl\"><\/div>\n<\/div>\n<\/div>\n<\/div>\n<\/div>\n<\/div>\n<\/div>\n<div id=\"cmsmasters_row_v2yoqkgw8k\" class=\"cmsmasters_row cmsmasters_color_scheme_default cmsmasters_row_top_default cmsmasters_row_bot_zigzag cmsmasters_row_boxed\">\n<div class=\"cmsmasters_row_outer_parent\">\n<div class=\"cmsmasters_row_outer\">\n<div class=\"cmsmasters_row_inner\">\n<div class=\"cmsmasters_row_margin\">\n<div class=\"cmsmasters_column one_third\">\n<\/div>\n<div class=\"cmsmasters_column one_third\">\n<\/div>\n<div class=\"cmsmasters_column one_third\">\n<\/div>\n<\/div>\n<\/div>\n<\/div>\n<\/div>\n<\/div>\n\n","protected":false},"excerpt":{"rendered":"","protected":false},"author":1,"featured_media":0,"parent":0,"menu_order":0,"comment_status":"closed","ping_status":"closed","template":"","meta":{"footnotes":""},"class_list":["post-13756","page","type-page","status-publish","hentry"],"_links":{"self":[{"href":"https:\/\/www.ccunisur.com\/index.php\/wp-json\/wp\/v2\/pages\/13756","targetHints":{"allow":["GET"]}}],"collection":[{"href":"https:\/\/www.ccunisur.com\/index.php\/wp-json\/wp\/v2\/pages"}],"about":[{"href":"https:\/\/www.ccunisur.com\/index.php\/wp-json\/wp\/v2\/types\/page"}],"author":[{"embeddable":true,"href":"https:\/\/www.ccunisur.com\/index.php\/wp-json\/wp\/v2\/users\/1"}],"replies":[{"embeddable":true,"href":"https:\/\/www.ccunisur.com\/index.php\/wp-json\/wp\/v2\/comments?post=13756"}],"version-history":[{"count":27,"href":"https:\/\/www.ccunisur.com\/index.php\/wp-json\/wp\/v2\/pages\/13756\/revisions"}],"predecessor-version":[{"id":17359,"href":"https:\/\/www.ccunisur.com\/index.php\/wp-json\/wp\/v2\/pages\/13756\/revisions\/17359"}],"wp:attachment":[{"href":"https:\/\/www.ccunisur.com\/index.php\/wp-json\/wp\/v2\/media?parent=13756"}],"curies":[{"name":"wp","href":"https:\/\/api.w.org\/{rel}","templated":true}]}}